{"id":92,"date":"2017-12-15T23:24:22","date_gmt":"2017-12-15T23:24:22","guid":{"rendered":"http:\/\/sagramtbrace.es\/?page_id=92"},"modified":"2026-02-07T12:18:07","modified_gmt":"2026-02-07T12:18:07","slug":"inscripciones","status":"publish","type":"page","link":"https:\/\/sagramtbrace.es\/?page_id=92","title":{"rendered":"Inscripciones"},"content":{"rendered":"<h3><a href=\"https:\/\/www.global-tempo.com\/carreras.php?id=3014\"><img loading=\"lazy\" decoding=\"async\" class=\"aligncenter wp-image-807\" src=\"http:\/\/sagramtbrace.es\/wp-content\/uploads\/2025\/02\/inscripciones.png\" alt=\"\" width=\"270\" height=\"69\" \/><\/a><\/h3>\n<p>La inscripci\u00f3n se realizar\u00e1 a trav\u00e9s de la web de: <a href=\"https:\/\/www.global-tempo.com\/carreras.php?id=3014\"><strong>GLOBAL-TEMPO<\/strong><\/a><\/p>\n<p>En el momento en que se realice la inscripci\u00f3n se asignar\u00e1 a cada participante un n\u00famero de dorsal que ser\u00e1 personal e intransferible.<\/p>\n<h4><strong>El importe de la inscripci\u00f3n ser\u00e1 el siguiente:<\/strong><\/h4>\n<p><strong>40 euros<\/strong> (cada inscripci\u00f3n colaborar\u00e1 con la Asociaci\u00f3n Contra el C\u00e1ncer)<\/p>\n<p><strong>Presentaci\u00f3n y entrega de dorsales<\/strong> de la Sagra MTB Race el d\u00eda <strong>16\u00a0de Mayo<\/strong> a las <strong>17:00h en el Ayuntamiento de Puebla de Don Fadrique.<\/strong><\/p>\n<p>Tambi\u00e9n podr\u00e1s recoger el dorsal a las<strong> 7:30h el d\u00eda 17 de mayo en la zona de salida en el Ayuntamiento de Puebla de Don Fadrique.<\/strong><\/p>\n<p><strong>Salida de Sagra MTB Race<\/strong> d\u00eda 17 de Mayo en (Avenida Santas M\u00e1rtires).<\/p>\n<p><strong>\u00a0-9:00h : Salida general.<\/strong><\/p>\n<p><strong>Duchas <\/strong>en el pabell\u00f3n del polideportivo municipal de Puebla de Don Fadrique.<\/p>\n<p><strong>Entrega de trofeos<\/strong> despu\u00e9s de la prueba en \u00a0(Avenida Santas M\u00e1rtires)\u00a0.<\/p>\n<p><strong>Comida<\/strong> despu\u00e9s de la prueba en la Piscina Municipal.<\/p>\n","protected":false},"excerpt":{"rendered":"<p>La inscripci\u00f3n se realizar\u00e1 a trav\u00e9s de la web de: GLOBAL-TEMPO En el momento en que se realice la inscripci\u00f3n se asignar\u00e1 a cada participante un n\u00famero de dorsal que ser\u00e1 personal e intransferible. El importe de la inscripci\u00f3n ser\u00e1 el siguiente: 40 euros (cada inscripci\u00f3n colaborar\u00e1 con la Asociaci\u00f3n Contra el C\u00e1ncer) Presentaci\u00f3n y [&hellip;]<\/p>\n","protected":false},"author":1,"featured_media":116,"parent":2,"menu_order":2,"comment_status":"closed","ping_status":"closed","template":"","meta":{"footnotes":""},"class_list":["post-92","page","type-page","status-publish","has-post-thumbnail","czr-hentry"],"yoast_head":"<!-- This site is optimized with the Yoast SEO plugin v26.9 - https:\/\/yoast.com\/product\/yoast-seo-wordpress\/ -->\n<title>Inscripciones - SAGRAMTBRACE<\/title>\n<meta name=\"robots\" content=\"index, follow, max-snippet:-1, max-image-preview:large, max-video-preview:-1\" \/>\n<link rel=\"canonical\" href=\"http:\/\/sagramtbrace.es\/?page_id=92\" \/>\n<meta property=\"og:locale\" content=\"es_ES\" \/>\n<meta property=\"og:type\" content=\"article\" \/>\n<meta property=\"og:title\" content=\"Inscripciones - SAGRAMTBRACE\" \/>\n<meta property=\"og:description\" content=\"La inscripci\u00f3n se realizar\u00e1 a trav\u00e9s de la web de: GLOBAL-TEMPO En el momento en que se realice la inscripci\u00f3n se asignar\u00e1 a cada participante un n\u00famero de dorsal que ser\u00e1 personal e intransferible. El importe de la inscripci\u00f3n ser\u00e1 el siguiente: 40 euros (cada inscripci\u00f3n colaborar\u00e1 con la Asociaci\u00f3n Contra el C\u00e1ncer) Presentaci\u00f3n y [&hellip;]\" \/>\n<meta property=\"og:url\" content=\"http:\/\/sagramtbrace.es\/?page_id=92\" \/>\n<meta property=\"og:site_name\" content=\"SAGRAMTBRACE\" \/>\n<meta property=\"article:publisher\" content=\"https:\/\/www.facebook.com\/CC-Puebla-de-Don-Fadrique-464879460378435\/\" \/>\n<meta property=\"article:modified_time\" content=\"2026-02-07T12:18:07+00:00\" \/>\n<meta property=\"og:image\" content=\"http:\/\/sagramtbrace.es\/wp-content\/uploads\/2017\/12\/incripciones275x250.png\" \/>\n\t<meta property=\"og:image:width\" content=\"275\" \/>\n\t<meta property=\"og:image:height\" content=\"250\" \/>\n\t<meta property=\"og:image:type\" content=\"image\/png\" \/>\n<meta name=\"twitter:card\" content=\"summary_large_image\" \/>\n<meta name=\"twitter:label1\" content=\"Tiempo de lectura\" \/>\n\t<meta name=\"twitter:data1\" content=\"2 minutos\" \/>\n<script type=\"application\/ld+json\" class=\"yoast-schema-graph\">{\"@context\":\"https:\/\/schema.org\",\"@graph\":[{\"@type\":\"WebPage\",\"@id\":\"http:\/\/sagramtbrace.es\/?page_id=92\",\"url\":\"http:\/\/sagramtbrace.es\/?page_id=92\",\"name\":\"Inscripciones - SAGRAMTBRACE\",\"isPartOf\":{\"@id\":\"http:\/\/sagramtbrace.es\/#website\"},\"primaryImageOfPage\":{\"@id\":\"http:\/\/sagramtbrace.es\/?page_id=92#primaryimage\"},\"image\":{\"@id\":\"http:\/\/sagramtbrace.es\/?page_id=92#primaryimage\"},\"thumbnailUrl\":\"https:\/\/sagramtbrace.es\/wp-content\/uploads\/2017\/12\/incripciones275x250.png\",\"datePublished\":\"2017-12-15T23:24:22+00:00\",\"dateModified\":\"2026-02-07T12:18:07+00:00\",\"breadcrumb\":{\"@id\":\"http:\/\/sagramtbrace.es\/?page_id=92#breadcrumb\"},\"inLanguage\":\"es\",\"potentialAction\":[{\"@type\":\"ReadAction\",\"target\":[\"http:\/\/sagramtbrace.es\/?page_id=92\"]}]},{\"@type\":\"ImageObject\",\"inLanguage\":\"es\",\"@id\":\"http:\/\/sagramtbrace.es\/?page_id=92#primaryimage\",\"url\":\"https:\/\/sagramtbrace.es\/wp-content\/uploads\/2017\/12\/incripciones275x250.png\",\"contentUrl\":\"https:\/\/sagramtbrace.es\/wp-content\/uploads\/2017\/12\/incripciones275x250.png\",\"width\":275,\"height\":250},{\"@type\":\"BreadcrumbList\",\"@id\":\"http:\/\/sagramtbrace.es\/?page_id=92#breadcrumb\",\"itemListElement\":[{\"@type\":\"ListItem\",\"position\":1,\"name\":\"Portada\",\"item\":\"http:\/\/sagramtbrace.es\/\"},{\"@type\":\"ListItem\",\"position\":2,\"name\":\"SAGRA MTB RACE 2025\",\"item\":\"http:\/\/sagramtbrace.es\/\"},{\"@type\":\"ListItem\",\"position\":3,\"name\":\"Inscripciones\"}]},{\"@type\":\"WebSite\",\"@id\":\"http:\/\/sagramtbrace.es\/#website\",\"url\":\"http:\/\/sagramtbrace.es\/\",\"name\":\"SAGRAMTBRACE\",\"description\":\"Sagra MTB Race\",\"publisher\":{\"@id\":\"http:\/\/sagramtbrace.es\/#organization\"},\"potentialAction\":[{\"@type\":\"SearchAction\",\"target\":{\"@type\":\"EntryPoint\",\"urlTemplate\":\"http:\/\/sagramtbrace.es\/?s={search_term_string}\"},\"query-input\":{\"@type\":\"PropertyValueSpecification\",\"valueRequired\":true,\"valueName\":\"search_term_string\"}}],\"inLanguage\":\"es\"},{\"@type\":\"Organization\",\"@id\":\"http:\/\/sagramtbrace.es\/#organization\",\"name\":\"sagramtbrace\",\"url\":\"http:\/\/sagramtbrace.es\/\",\"logo\":{\"@type\":\"ImageObject\",\"inLanguage\":\"es\",\"@id\":\"http:\/\/sagramtbrace.es\/#\/schema\/logo\/image\/\",\"url\":\"http:\/\/sagramtbrace.es\/wp-content\/uploads\/2017\/12\/logoico512x512.png\",\"contentUrl\":\"http:\/\/sagramtbrace.es\/wp-content\/uploads\/2017\/12\/logoico512x512.png\",\"width\":512,\"height\":512,\"caption\":\"sagramtbrace\"},\"image\":{\"@id\":\"http:\/\/sagramtbrace.es\/#\/schema\/logo\/image\/\"},\"sameAs\":[\"https:\/\/www.facebook.com\/CC-Puebla-de-Don-Fadrique-464879460378435\/\"]}]}<\/script>\n<!-- \/ Yoast SEO plugin. -->","yoast_head_json":{"title":"Inscripciones - SAGRAMTBRACE","robots":{"index":"index","follow":"follow","max-snippet":"max-snippet:-1","max-image-preview":"max-image-preview:large","max-video-preview":"max-video-preview:-1"},"canonical":"http:\/\/sagramtbrace.es\/?page_id=92","og_locale":"es_ES","og_type":"article","og_title":"Inscripciones - SAGRAMTBRACE","og_description":"La inscripci\u00f3n se realizar\u00e1 a trav\u00e9s de la web de: GLOBAL-TEMPO En el momento en que se realice la inscripci\u00f3n se asignar\u00e1 a cada participante un n\u00famero de dorsal que ser\u00e1 personal e intransferible. El importe de la inscripci\u00f3n ser\u00e1 el siguiente: 40 euros (cada inscripci\u00f3n colaborar\u00e1 con la Asociaci\u00f3n Contra el C\u00e1ncer) Presentaci\u00f3n y [&hellip;]","og_url":"http:\/\/sagramtbrace.es\/?page_id=92","og_site_name":"SAGRAMTBRACE","article_publisher":"https:\/\/www.facebook.com\/CC-Puebla-de-Don-Fadrique-464879460378435\/","article_modified_time":"2026-02-07T12:18:07+00:00","og_image":[{"width":275,"height":250,"url":"http:\/\/sagramtbrace.es\/wp-content\/uploads\/2017\/12\/incripciones275x250.png","type":"image\/png"}],"twitter_card":"summary_large_image","twitter_misc":{"Tiempo de lectura":"2 minutos"},"schema":{"@context":"https:\/\/schema.org","@graph":[{"@type":"WebPage","@id":"http:\/\/sagramtbrace.es\/?page_id=92","url":"http:\/\/sagramtbrace.es\/?page_id=92","name":"Inscripciones - SAGRAMTBRACE","isPartOf":{"@id":"http:\/\/sagramtbrace.es\/#website"},"primaryImageOfPage":{"@id":"http:\/\/sagramtbrace.es\/?page_id=92#primaryimage"},"image":{"@id":"http:\/\/sagramtbrace.es\/?page_id=92#primaryimage"},"thumbnailUrl":"https:\/\/sagramtbrace.es\/wp-content\/uploads\/2017\/12\/incripciones275x250.png","datePublished":"2017-12-15T23:24:22+00:00","dateModified":"2026-02-07T12:18:07+00:00","breadcrumb":{"@id":"http:\/\/sagramtbrace.es\/?page_id=92#breadcrumb"},"inLanguage":"es","potentialAction":[{"@type":"ReadAction","target":["http:\/\/sagramtbrace.es\/?page_id=92"]}]},{"@type":"ImageObject","inLanguage":"es","@id":"http:\/\/sagramtbrace.es\/?page_id=92#primaryimage","url":"https:\/\/sagramtbrace.es\/wp-content\/uploads\/2017\/12\/incripciones275x250.png","contentUrl":"https:\/\/sagramtbrace.es\/wp-content\/uploads\/2017\/12\/incripciones275x250.png","width":275,"height":250},{"@type":"BreadcrumbList","@id":"http:\/\/sagramtbrace.es\/?page_id=92#breadcrumb","itemListElement":[{"@type":"ListItem","position":1,"name":"Portada","item":"http:\/\/sagramtbrace.es\/"},{"@type":"ListItem","position":2,"name":"SAGRA MTB RACE 2025","item":"http:\/\/sagramtbrace.es\/"},{"@type":"ListItem","position":3,"name":"Inscripciones"}]},{"@type":"WebSite","@id":"http:\/\/sagramtbrace.es\/#website","url":"http:\/\/sagramtbrace.es\/","name":"SAGRAMTBRACE","description":"Sagra MTB Race","publisher":{"@id":"http:\/\/sagramtbrace.es\/#organization"},"potentialAction":[{"@type":"SearchAction","target":{"@type":"EntryPoint","urlTemplate":"http:\/\/sagramtbrace.es\/?s={search_term_string}"},"query-input":{"@type":"PropertyValueSpecification","valueRequired":true,"valueName":"search_term_string"}}],"inLanguage":"es"},{"@type":"Organization","@id":"http:\/\/sagramtbrace.es\/#organization","name":"sagramtbrace","url":"http:\/\/sagramtbrace.es\/","logo":{"@type":"ImageObject","inLanguage":"es","@id":"http:\/\/sagramtbrace.es\/#\/schema\/logo\/image\/","url":"http:\/\/sagramtbrace.es\/wp-content\/uploads\/2017\/12\/logoico512x512.png","contentUrl":"http:\/\/sagramtbrace.es\/wp-content\/uploads\/2017\/12\/logoico512x512.png","width":512,"height":512,"caption":"sagramtbrace"},"image":{"@id":"http:\/\/sagramtbrace.es\/#\/schema\/logo\/image\/"},"sameAs":["https:\/\/www.facebook.com\/CC-Puebla-de-Don-Fadrique-464879460378435\/"]}]}},"_links":{"self":[{"href":"https:\/\/sagramtbrace.es\/index.php?rest_route=\/wp\/v2\/pages\/92","targetHints":{"allow":["GET"]}}],"collection":[{"href":"https:\/\/sagramtbrace.es\/index.php?rest_route=\/wp\/v2\/pages"}],"about":[{"href":"https:\/\/sagramtbrace.es\/index.php?rest_route=\/wp\/v2\/types\/page"}],"author":[{"embeddable":true,"href":"https:\/\/sagramtbrace.es\/index.php?rest_route=\/wp\/v2\/users\/1"}],"replies":[{"embeddable":true,"href":"https:\/\/sagramtbrace.es\/index.php?rest_route=%2Fwp%2Fv2%2Fcomments&post=92"}],"version-history":[{"count":53,"href":"https:\/\/sagramtbrace.es\/index.php?rest_route=\/wp\/v2\/pages\/92\/revisions"}],"predecessor-version":[{"id":900,"href":"https:\/\/sagramtbrace.es\/index.php?rest_route=\/wp\/v2\/pages\/92\/revisions\/900"}],"up":[{"embeddable":true,"href":"https:\/\/sagramtbrace.es\/index.php?rest_route=\/wp\/v2\/pages\/2"}],"wp:featuredmedia":[{"embeddable":true,"href":"https:\/\/sagramtbrace.es\/index.php?rest_route=\/wp\/v2\/media\/116"}],"wp:attachment":[{"href":"https:\/\/sagramtbrace.es\/index.php?rest_route=%2Fwp%2Fv2%2Fmedia&parent=92"}],"curies":[{"name":"wp","href":"https:\/\/api.w.org\/{rel}","templated":true}]}}

<h3><a href="https://www.global-tempo.com/carreras.php?id=3014"><img loading="lazy" decoding="async" class="aligncenter wp-image-807" src="http://sagramtbrace.es/wp-content/uploads/2025/02/inscripciones.png" alt="" width="270" height="69" /></a></h3>
<p>La inscripción se realizará a través de la web de: <a href="https://www.global-tempo.com/carreras.php?id=3014"><strong>GLOBAL-TEMPO</strong></a></p>
<p>En el momento en que se realice la inscripción se asignará a cada participante un número de dorsal que será personal e intransferible.</p>
<h4><strong>El importe de la inscripción será el siguiente:</strong></h4>
<p><strong>40 euros</strong> (cada inscripción colaborará con la Asociación Contra el Cáncer)</p>
<p><strong>Presentación y entrega de dorsales</strong> de la Sagra MTB Race el día <strong>16 de Mayo</strong> a las <strong>17:00h en el Ayuntamiento de Puebla de Don Fadrique.</strong></p>
<p>También podrás recoger el dorsal a las<strong> 7:30h el día 17 de mayo en la zona de salida en el Ayuntamiento de Puebla de Don Fadrique.</strong></p>
<p><strong>Salida de Sagra MTB Race</strong> día 17 de Mayo en (Avenida Santas Mártires).</p>
<p><strong> -9:00h : Salida general.</strong></p>
<p><strong>Duchas </strong>en el pabellón del polideportivo municipal de Puebla de Don Fadrique.</p>
<p><strong>Entrega de trofeos</strong> después de la prueba en  (Avenida Santas Mártires) .</p>
<p><strong>Comida</strong> después de la prueba en la Piscina Municipal.</p>

<p>La inscripción se realizará a través de la web de: GLOBAL-TEMPO En el momento en que se realice la inscripción se asignará a cada participante un número de dorsal que será personal e intransferible. El importe de la inscripción será el siguiente: 40 euros (cada inscripción colaborará con la Asociación Contra el Cáncer) Presentación y [&hellip;]</p>

<!-- This site is optimized with the Yoast SEO plugin v26.9 - https://yoast.com/product/yoast-seo-wordpress/ -->
<title>Inscripciones - SAGRAMTBRACE</title>
<meta name="robots" content="index, follow, max-snippet:-1, max-image-preview:large, max-video-preview:-1" />
<link rel="canonical" href="http://sagramtbrace.es/?page_id=92" />
<meta property="og:locale" content="es_ES" />
<meta property="og:type" content="article" />
<meta property="og:title" content="Inscripciones - SAGRAMTBRACE" />
<meta property="og:description" content="La inscripción se realizará a través de la web de: GLOBAL-TEMPO En el momento en que se realice la inscripción se asignará a cada participante un número de dorsal que será personal e intransferible. El importe de la inscripción será el siguiente: 40 euros (cada inscripción colaborará con la Asociación Contra el Cáncer) Presentación y [&hellip;]" />
<meta property="og:url" content="http://sagramtbrace.es/?page_id=92" />
<meta property="og:site_name" content="SAGRAMTBRACE" />
<meta property="article:publisher" content="https://www.facebook.com/CC-Puebla-de-Don-Fadrique-464879460378435/" />
<meta property="article:modified_time" content="2026-02-07T12:18:07+00:00" />
<meta property="og:image" content="http://sagramtbrace.es/wp-content/uploads/2017/12/incripciones275x250.png" />
	<meta property="og:image:width" content="275" />
	<meta property="og:image:height" content="250" />
	<meta property="og:image:type" content="image/png" />
<meta name="twitter:card" content="summary_large_image" />
<meta name="twitter:label1" content="Tiempo de lectura" />
	<meta name="twitter:data1" content="2 minutos" />
<script type="application/ld+json" class="yoast-schema-graph">{"@context":"https://schema.org","@graph":[{"@type":"WebPage","@id":"http://sagramtbrace.es/?page_id=92","url":"http://sagramtbrace.es/?page_id=92","name":"Inscripciones - SAGRAMTBRACE","isPartOf":{"@id":"http://sagramtbrace.es/#website"},"primaryImageOfPage":{"@id":"http://sagramtbrace.es/?page_id=92#primaryimage"},"image":{"@id":"http://sagramtbrace.es/?page_id=92#primaryimage"},"thumbnailUrl":"https://sagramtbrace.es/wp-content/uploads/2017/12/incripciones275x250.png","datePublished":"2017-12-15T23:24:22+00:00","dateModified":"2026-02-07T12:18:07+00:00","breadcrumb":{"@id":"http://sagramtbrace.es/?page_id=92#breadcrumb"},"inLanguage":"es","potentialAction":[{"@type":"ReadAction","target":["http://sagramtbrace.es/?page_id=92"]}]},{"@type":"ImageObject","inLanguage":"es","@id":"http://sagramtbrace.es/?page_id=92#primaryimage","url":"https://sagramtbrace.es/wp-content/uploads/2017/12/incripciones275x250.png","contentUrl":"https://sagramtbrace.es/wp-content/uploads/2017/12/incripciones275x250.png","width":275,"height":250},{"@type":"BreadcrumbList","@id":"http://sagramtbrace.es/?page_id=92#breadcrumb","itemListElement":[{"@type":"ListItem","position":1,"name":"Portada","item":"http://sagramtbrace.es/"},{"@type":"ListItem","position":2,"name":"SAGRA MTB RACE 2025","item":"http://sagramtbrace.es/"},{"@type":"ListItem","position":3,"name":"Inscripciones"}]},{"@type":"WebSite","@id":"http://sagramtbrace.es/#website","url":"http://sagramtbrace.es/","name":"SAGRAMTBRACE","description":"Sagra MTB Race","publisher":{"@id":"http://sagramtbrace.es/#organization"},"potentialAction":[{"@type":"SearchAction","target":{"@type":"EntryPoint","urlTemplate":"http://sagramtbrace.es/?s={search_term_string}"},"query-input":{"@type":"PropertyValueSpecification","valueRequired":true,"valueName":"search_term_string"}}],"inLanguage":"es"},{"@type":"Organization","@id":"http://sagramtbrace.es/#organization","name":"sagramtbrace","url":"http://sagramtbrace.es/","logo":{"@type":"ImageObject","inLanguage":"es","@id":"http://sagramtbrace.es/#/schema/logo/image/","url":"http://sagramtbrace.es/wp-content/uploads/2017/12/logoico512x512.png","contentUrl":"http://sagramtbrace.es/wp-content/uploads/2017/12/logoico512x512.png","width":512,"height":512,"caption":"sagramtbrace"},"image":{"@id":"http://sagramtbrace.es/#/schema/logo/image/"},"sameAs":["https://www.facebook.com/CC-Puebla-de-Don-Fadrique-464879460378435/"]}]}</script>
<!-- / Yoast SEO plugin. -->

La inscripción se realizará a través de la web de: GLOBAL-TEMPO En el momento en que se realice la inscripción se asignará a cada participante un número de dorsal que será personal e intransferible. El importe de la inscripción será el siguiente: 40 euros (cada inscripción colaborará con la Asociación Contra el Cáncer) Presentación y [&hellip;]
