{"id":149,"date":"2017-12-18T16:49:32","date_gmt":"2017-12-18T16:49:32","guid":{"rendered":"http:\/\/sagramtbrace.es\/?page_id=149"},"modified":"2026-02-07T12:30:16","modified_gmt":"2026-02-07T12:30:16","slug":"edicion-2023","status":"publish","type":"page","link":"http:\/\/sagramtbrace.es\/?page_id=149","title":{"rendered":"Edici\u00f3n 2026"},"content":{"rendered":"<h1>VIII Edici\u00f3n SAGRA MTB Race<\/h1>\n<p>El domingo <strong>17 de mayo de 2026<\/strong>\u00a0se celebra la octava edici\u00f3n de la marcha SAGRA MTB Race en Puebla de Don Fadrique, organizada por el <strong>Club Ciclista Puebla de Don Fadrique<\/strong> y el <strong>Excmo. Ayuntamiento<\/strong> de esta localidad, con salida y llegada en Avd. Santas M\u00e1rtires de Puebla de Don Fadrique, con 500 participantes aproximados.<\/p>\n<p>La inscripci\u00f3n se realizar\u00e1 a trav\u00e9s de la web de <a href=\"https:\/\/www.global-tempo.com\/carreras.php?id=3014\">GLOBAL-TEMPO<\/a><\/p>\n<p>En el momento en que se realice la inscripci\u00f3n se asignar\u00e1 a cada participante un n\u00famero de dorsal que ser\u00e1 personal e intransferible.<\/p>\n<h4>El importe de la inscripci\u00f3n ser\u00e1 el siguiente:<\/h4>\n<p><strong>40 Euros<\/strong> (se colaborar\u00e1 en cada inscripci\u00f3n con la Asociaci\u00f3n Contra el C\u00e1ncer)<\/p>\n<p>Los dorsales se entregar\u00e1n el d\u00eda 16 de mayo a partir de las 17:00h, hasta las 20:30h en el Ayuntamiento de Puebla de Don Fadrique.<\/p>\n<p>Tambi\u00e9n podr\u00e1s recogerlo a las 7:30h el d\u00eda 17 de mayo en la zona de salida en el Edificio Ayuntamiento de Puebla de Don Fadrique.<\/p>\n<p><strong>Avituallamiento:<\/strong><\/p>\n<p>Habr\u00e1 5 avituallamientos de s\u00f3lido y l\u00edquido a lo largo del recorrido de la prueba.<\/p>\n<p><strong>Trofeos y Obsequio:<\/strong><\/p>\n<p>Todos los participantes recibir\u00e1n un <strong>obsequio de la marcha<\/strong>.<\/p>\n<p>Se entregar\u00e1n los siguientes trofeos m\u00e1s lote de productos de la Tierra:<\/p>\n<p><em><strong>Recorrido Largo:<\/strong><\/em><\/p>\n<p>1. Trofeo a los tres primeros clasificados en categor\u00eda masculina.<br \/>\n2. Trofeo a las tres primeras clasificadas en categor\u00eda femenina.<br \/>\n3. Trofeo los tres primeros clasificados categor\u00eda \u00e9lite unisex.<br \/>\n4. Trofeo a los tres primeros clasificados M\u00e1ster 30 unisex.<br \/>\n5. Trofeo a los tres primeros clasificados M\u00e1ster 40 unisex.<br \/>\n6. Trofeo a los tres primeros clasificados M\u00e1ster 50 unisex.<br \/>\n7. Trofeo a los tres primeros clasificados Locales.<br \/>\n8. Trofeo a los tres primeros clasificados Junior.<\/p>\n<p><em><strong>Recorrido Corto:<\/strong><\/em><\/p>\n<p>1. Trofeo a los tres primeros clasificados en categor\u00eda masculina.<br \/>\n2. Trofeo a las tres primeras clasificadas en categor\u00eda femenina.<br \/>\n3. Trofeo a los tres primeros clasificados locales masculinos.<br \/>\n4. Trofeo a las tres primeras clasificadas locales femeninos.<br \/>\n5. Trofeo a los tres primeros clasificados en categor\u00eda Junior.<\/p>\n<p><strong>Servicios:<\/strong><\/p>\n<p>Se pondr\u00e1 a disposici\u00f3n de los participantes duchas en el Pabell\u00f3n de Deportes.<br \/>\nSe contar\u00e1 con el servicio de ambulancia.<br \/>\nSe contar\u00e1 con la Polic\u00eda Local y Guardia Civil.<\/p>\n","protected":false},"excerpt":{"rendered":"<p>VIII Edici\u00f3n SAGRA MTB Race El domingo 17 de mayo de 2026\u00a0se celebra la octava edici\u00f3n de la marcha SAGRA MTB Race en Puebla de Don Fadrique, organizada por el Club Ciclista Puebla de Don Fadrique y el Excmo. Ayuntamiento de esta localidad, con salida y llegada en Avd. Santas M\u00e1rtires de Puebla de Don [&hellip;]<\/p>\n","protected":false},"author":1,"featured_media":105,"parent":0,"menu_order":0,"comment_status":"closed","ping_status":"closed","template":"","meta":{"footnotes":""},"class_list":["post-149","page","type-page","status-publish","has-post-thumbnail","czr-hentry"],"yoast_head":"<!-- This site is optimized with the Yoast SEO plugin v26.9 - https:\/\/yoast.com\/product\/yoast-seo-wordpress\/ -->\n<title>Edici\u00f3n 2026 - SAGRAMTBRACE<\/title>\n<meta name=\"robots\" content=\"index, follow, max-snippet:-1, max-image-preview:large, max-video-preview:-1\" \/>\n<link rel=\"canonical\" href=\"http:\/\/sagramtbrace.es\/?page_id=149\" \/>\n<meta property=\"og:locale\" content=\"es_ES\" \/>\n<meta property=\"og:type\" content=\"article\" \/>\n<meta property=\"og:title\" content=\"Edici\u00f3n 2026 - SAGRAMTBRACE\" \/>\n<meta property=\"og:description\" content=\"VIII Edici\u00f3n SAGRA MTB Race El domingo 17 de mayo de 2026\u00a0se celebra la octava edici\u00f3n de la marcha SAGRA MTB Race en Puebla de Don Fadrique, organizada por el Club Ciclista Puebla de Don Fadrique y el Excmo. Ayuntamiento de esta localidad, con salida y llegada en Avd. Santas M\u00e1rtires de Puebla de Don [&hellip;]\" \/>\n<meta property=\"og:url\" content=\"http:\/\/sagramtbrace.es\/?page_id=149\" \/>\n<meta property=\"og:site_name\" content=\"SAGRAMTBRACE\" \/>\n<meta property=\"article:publisher\" content=\"https:\/\/www.facebook.com\/CC-Puebla-de-Don-Fadrique-464879460378435\/\" \/>\n<meta property=\"article:modified_time\" content=\"2026-02-07T12:30:16+00:00\" \/>\n<meta property=\"og:image\" content=\"http:\/\/sagramtbrace.es\/wp-content\/uploads\/2017\/12\/sagramtbrace2018-275x250.png\" \/>\n\t<meta property=\"og:image:width\" content=\"275\" \/>\n\t<meta property=\"og:image:height\" content=\"250\" \/>\n\t<meta property=\"og:image:type\" content=\"image\/png\" \/>\n<meta name=\"twitter:card\" content=\"summary_large_image\" \/>\n<meta name=\"twitter:label1\" content=\"Tiempo de lectura\" \/>\n\t<meta name=\"twitter:data1\" content=\"2 minutos\" \/>\n<script type=\"application\/ld+json\" class=\"yoast-schema-graph\">{\"@context\":\"https:\/\/schema.org\",\"@graph\":[{\"@type\":\"WebPage\",\"@id\":\"http:\/\/sagramtbrace.es\/?page_id=149\",\"url\":\"http:\/\/sagramtbrace.es\/?page_id=149\",\"name\":\"Edici\u00f3n 2026 - SAGRAMTBRACE\",\"isPartOf\":{\"@id\":\"http:\/\/sagramtbrace.es\/#website\"},\"primaryImageOfPage\":{\"@id\":\"http:\/\/sagramtbrace.es\/?page_id=149#primaryimage\"},\"image\":{\"@id\":\"http:\/\/sagramtbrace.es\/?page_id=149#primaryimage\"},\"thumbnailUrl\":\"http:\/\/sagramtbrace.es\/wp-content\/uploads\/2017\/12\/sagramtbrace2018-275x250.png\",\"datePublished\":\"2017-12-18T16:49:32+00:00\",\"dateModified\":\"2026-02-07T12:30:16+00:00\",\"breadcrumb\":{\"@id\":\"http:\/\/sagramtbrace.es\/?page_id=149#breadcrumb\"},\"inLanguage\":\"es\",\"potentialAction\":[{\"@type\":\"ReadAction\",\"target\":[\"http:\/\/sagramtbrace.es\/?page_id=149\"]}]},{\"@type\":\"ImageObject\",\"inLanguage\":\"es\",\"@id\":\"http:\/\/sagramtbrace.es\/?page_id=149#primaryimage\",\"url\":\"http:\/\/sagramtbrace.es\/wp-content\/uploads\/2017\/12\/sagramtbrace2018-275x250.png\",\"contentUrl\":\"http:\/\/sagramtbrace.es\/wp-content\/uploads\/2017\/12\/sagramtbrace2018-275x250.png\",\"width\":275,\"height\":250},{\"@type\":\"BreadcrumbList\",\"@id\":\"http:\/\/sagramtbrace.es\/?page_id=149#breadcrumb\",\"itemListElement\":[{\"@type\":\"ListItem\",\"position\":1,\"name\":\"Portada\",\"item\":\"http:\/\/sagramtbrace.es\/\"},{\"@type\":\"ListItem\",\"position\":2,\"name\":\"Edici\u00f3n 2026\"}]},{\"@type\":\"WebSite\",\"@id\":\"http:\/\/sagramtbrace.es\/#website\",\"url\":\"http:\/\/sagramtbrace.es\/\",\"name\":\"SAGRAMTBRACE\",\"description\":\"Sagra MTB Race\",\"publisher\":{\"@id\":\"http:\/\/sagramtbrace.es\/#organization\"},\"potentialAction\":[{\"@type\":\"SearchAction\",\"target\":{\"@type\":\"EntryPoint\",\"urlTemplate\":\"http:\/\/sagramtbrace.es\/?s={search_term_string}\"},\"query-input\":{\"@type\":\"PropertyValueSpecification\",\"valueRequired\":true,\"valueName\":\"search_term_string\"}}],\"inLanguage\":\"es\"},{\"@type\":\"Organization\",\"@id\":\"http:\/\/sagramtbrace.es\/#organization\",\"name\":\"sagramtbrace\",\"url\":\"http:\/\/sagramtbrace.es\/\",\"logo\":{\"@type\":\"ImageObject\",\"inLanguage\":\"es\",\"@id\":\"http:\/\/sagramtbrace.es\/#\/schema\/logo\/image\/\",\"url\":\"http:\/\/sagramtbrace.es\/wp-content\/uploads\/2017\/12\/logoico512x512.png\",\"contentUrl\":\"http:\/\/sagramtbrace.es\/wp-content\/uploads\/2017\/12\/logoico512x512.png\",\"width\":512,\"height\":512,\"caption\":\"sagramtbrace\"},\"image\":{\"@id\":\"http:\/\/sagramtbrace.es\/#\/schema\/logo\/image\/\"},\"sameAs\":[\"https:\/\/www.facebook.com\/CC-Puebla-de-Don-Fadrique-464879460378435\/\"]}]}<\/script>\n<!-- \/ Yoast SEO plugin. -->","yoast_head_json":{"title":"Edici\u00f3n 2026 - SAGRAMTBRACE","robots":{"index":"index","follow":"follow","max-snippet":"max-snippet:-1","max-image-preview":"max-image-preview:large","max-video-preview":"max-video-preview:-1"},"canonical":"http:\/\/sagramtbrace.es\/?page_id=149","og_locale":"es_ES","og_type":"article","og_title":"Edici\u00f3n 2026 - SAGRAMTBRACE","og_description":"VIII Edici\u00f3n SAGRA MTB Race El domingo 17 de mayo de 2026\u00a0se celebra la octava edici\u00f3n de la marcha SAGRA MTB Race en Puebla de Don Fadrique, organizada por el Club Ciclista Puebla de Don Fadrique y el Excmo. Ayuntamiento de esta localidad, con salida y llegada en Avd. Santas M\u00e1rtires de Puebla de Don [&hellip;]","og_url":"http:\/\/sagramtbrace.es\/?page_id=149","og_site_name":"SAGRAMTBRACE","article_publisher":"https:\/\/www.facebook.com\/CC-Puebla-de-Don-Fadrique-464879460378435\/","article_modified_time":"2026-02-07T12:30:16+00:00","og_image":[{"width":275,"height":250,"url":"http:\/\/sagramtbrace.es\/wp-content\/uploads\/2017\/12\/sagramtbrace2018-275x250.png","type":"image\/png"}],"twitter_card":"summary_large_image","twitter_misc":{"Tiempo de lectura":"2 minutos"},"schema":{"@context":"https:\/\/schema.org","@graph":[{"@type":"WebPage","@id":"http:\/\/sagramtbrace.es\/?page_id=149","url":"http:\/\/sagramtbrace.es\/?page_id=149","name":"Edici\u00f3n 2026 - SAGRAMTBRACE","isPartOf":{"@id":"http:\/\/sagramtbrace.es\/#website"},"primaryImageOfPage":{"@id":"http:\/\/sagramtbrace.es\/?page_id=149#primaryimage"},"image":{"@id":"http:\/\/sagramtbrace.es\/?page_id=149#primaryimage"},"thumbnailUrl":"http:\/\/sagramtbrace.es\/wp-content\/uploads\/2017\/12\/sagramtbrace2018-275x250.png","datePublished":"2017-12-18T16:49:32+00:00","dateModified":"2026-02-07T12:30:16+00:00","breadcrumb":{"@id":"http:\/\/sagramtbrace.es\/?page_id=149#breadcrumb"},"inLanguage":"es","potentialAction":[{"@type":"ReadAction","target":["http:\/\/sagramtbrace.es\/?page_id=149"]}]},{"@type":"ImageObject","inLanguage":"es","@id":"http:\/\/sagramtbrace.es\/?page_id=149#primaryimage","url":"http:\/\/sagramtbrace.es\/wp-content\/uploads\/2017\/12\/sagramtbrace2018-275x250.png","contentUrl":"http:\/\/sagramtbrace.es\/wp-content\/uploads\/2017\/12\/sagramtbrace2018-275x250.png","width":275,"height":250},{"@type":"BreadcrumbList","@id":"http:\/\/sagramtbrace.es\/?page_id=149#breadcrumb","itemListElement":[{"@type":"ListItem","position":1,"name":"Portada","item":"http:\/\/sagramtbrace.es\/"},{"@type":"ListItem","position":2,"name":"Edici\u00f3n 2026"}]},{"@type":"WebSite","@id":"http:\/\/sagramtbrace.es\/#website","url":"http:\/\/sagramtbrace.es\/","name":"SAGRAMTBRACE","description":"Sagra MTB Race","publisher":{"@id":"http:\/\/sagramtbrace.es\/#organization"},"potentialAction":[{"@type":"SearchAction","target":{"@type":"EntryPoint","urlTemplate":"http:\/\/sagramtbrace.es\/?s={search_term_string}"},"query-input":{"@type":"PropertyValueSpecification","valueRequired":true,"valueName":"search_term_string"}}],"inLanguage":"es"},{"@type":"Organization","@id":"http:\/\/sagramtbrace.es\/#organization","name":"sagramtbrace","url":"http:\/\/sagramtbrace.es\/","logo":{"@type":"ImageObject","inLanguage":"es","@id":"http:\/\/sagramtbrace.es\/#\/schema\/logo\/image\/","url":"http:\/\/sagramtbrace.es\/wp-content\/uploads\/2017\/12\/logoico512x512.png","contentUrl":"http:\/\/sagramtbrace.es\/wp-content\/uploads\/2017\/12\/logoico512x512.png","width":512,"height":512,"caption":"sagramtbrace"},"image":{"@id":"http:\/\/sagramtbrace.es\/#\/schema\/logo\/image\/"},"sameAs":["https:\/\/www.facebook.com\/CC-Puebla-de-Don-Fadrique-464879460378435\/"]}]}},"_links":{"self":[{"href":"http:\/\/sagramtbrace.es\/index.php?rest_route=\/wp\/v2\/pages\/149","targetHints":{"allow":["GET"]}}],"collection":[{"href":"http:\/\/sagramtbrace.es\/index.php?rest_route=\/wp\/v2\/pages"}],"about":[{"href":"http:\/\/sagramtbrace.es\/index.php?rest_route=\/wp\/v2\/types\/page"}],"author":[{"embeddable":true,"href":"http:\/\/sagramtbrace.es\/index.php?rest_route=\/wp\/v2\/users\/1"}],"replies":[{"embeddable":true,"href":"http:\/\/sagramtbrace.es\/index.php?rest_route=%2Fwp%2Fv2%2Fcomments&post=149"}],"version-history":[{"count":59,"href":"http:\/\/sagramtbrace.es\/index.php?rest_route=\/wp\/v2\/pages\/149\/revisions"}],"predecessor-version":[{"id":902,"href":"http:\/\/sagramtbrace.es\/index.php?rest_route=\/wp\/v2\/pages\/149\/revisions\/902"}],"wp:featuredmedia":[{"embeddable":true,"href":"http:\/\/sagramtbrace.es\/index.php?rest_route=\/wp\/v2\/media\/105"}],"wp:attachment":[{"href":"http:\/\/sagramtbrace.es\/index.php?rest_route=%2Fwp%2Fv2%2Fmedia&parent=149"}],"curies":[{"name":"wp","href":"https:\/\/api.w.org\/{rel}","templated":true}]}}

Edición 2026

<h1>VIII Edición SAGRA MTB Race</h1>
<p>El domingo <strong>17 de mayo de 2026</strong> se celebra la octava edición de la marcha SAGRA MTB Race en Puebla de Don Fadrique, organizada por el <strong>Club Ciclista Puebla de Don Fadrique</strong> y el <strong>Excmo. Ayuntamiento</strong> de esta localidad, con salida y llegada en Avd. Santas Mártires de Puebla de Don Fadrique, con 500 participantes aproximados.</p>
<p>La inscripción se realizará a través de la web de <a href="https://www.global-tempo.com/carreras.php?id=3014">GLOBAL-TEMPO</a></p>
<p>En el momento en que se realice la inscripción se asignará a cada participante un número de dorsal que será personal e intransferible.</p>
<h4>El importe de la inscripción será el siguiente:</h4>
<p><strong>40 Euros</strong> (se colaborará en cada inscripción con la Asociación Contra el Cáncer)</p>
<p>Los dorsales se entregarán el día 16 de mayo a partir de las 17:00h, hasta las 20:30h en el Ayuntamiento de Puebla de Don Fadrique.</p>
<p>También podrás recogerlo a las 7:30h el día 17 de mayo en la zona de salida en el Edificio Ayuntamiento de Puebla de Don Fadrique.</p>
<p><strong>Avituallamiento:</strong></p>
<p>Habrá 5 avituallamientos de sólido y líquido a lo largo del recorrido de la prueba.</p>
<p><strong>Trofeos y Obsequio:</strong></p>
<p>Todos los participantes recibirán un <strong>obsequio de la marcha</strong>.</p>
<p>Se entregarán los siguientes trofeos más lote de productos de la Tierra:</p>
<p><em><strong>Recorrido Largo:</strong></em></p>
<p>1. Trofeo a los tres primeros clasificados en categoría masculina.<br />
2. Trofeo a las tres primeras clasificadas en categoría femenina.<br />
3. Trofeo los tres primeros clasificados categoría élite unisex.<br />
4. Trofeo a los tres primeros clasificados Máster 30 unisex.<br />
5. Trofeo a los tres primeros clasificados Máster 40 unisex.<br />
6. Trofeo a los tres primeros clasificados Máster 50 unisex.<br />
7. Trofeo a los tres primeros clasificados Locales.<br />
8. Trofeo a los tres primeros clasificados Junior.</p>
<p><em><strong>Recorrido Corto:</strong></em></p>
<p>1. Trofeo a los tres primeros clasificados en categoría masculina.<br />
2. Trofeo a las tres primeras clasificadas en categoría femenina.<br />
3. Trofeo a los tres primeros clasificados locales masculinos.<br />
4. Trofeo a las tres primeras clasificadas locales femeninos.<br />
5. Trofeo a los tres primeros clasificados en categoría Junior.</p>
<p><strong>Servicios:</strong></p>
<p>Se pondrá a disposición de los participantes duchas en el Pabellón de Deportes.<br />
Se contará con el servicio de ambulancia.<br />
Se contará con la Policía Local y Guardia Civil.</p>

<p>VIII Edición SAGRA MTB Race El domingo 17 de mayo de 2026 se celebra la octava edición de la marcha SAGRA MTB Race en Puebla de Don Fadrique, organizada por el Club Ciclista Puebla de Don Fadrique y el Excmo. Ayuntamiento de esta localidad, con salida y llegada en Avd. Santas Mártires de Puebla de Don [&hellip;]</p>

<!-- This site is optimized with the Yoast SEO plugin v26.9 - https://yoast.com/product/yoast-seo-wordpress/ -->
<title>Edición 2026 - SAGRAMTBRACE</title>
<meta name="robots" content="index, follow, max-snippet:-1, max-image-preview:large, max-video-preview:-1" />
<link rel="canonical" href="http://sagramtbrace.es/?page_id=149" />
<meta property="og:locale" content="es_ES" />
<meta property="og:type" content="article" />
<meta property="og:title" content="Edición 2026 - SAGRAMTBRACE" />
<meta property="og:description" content="VIII Edición SAGRA MTB Race El domingo 17 de mayo de 2026 se celebra la octava edición de la marcha SAGRA MTB Race en Puebla de Don Fadrique, organizada por el Club Ciclista Puebla de Don Fadrique y el Excmo. Ayuntamiento de esta localidad, con salida y llegada en Avd. Santas Mártires de Puebla de Don [&hellip;]" />
<meta property="og:url" content="http://sagramtbrace.es/?page_id=149" />
<meta property="og:site_name" content="SAGRAMTBRACE" />
<meta property="article:publisher" content="https://www.facebook.com/CC-Puebla-de-Don-Fadrique-464879460378435/" />
<meta property="article:modified_time" content="2026-02-07T12:30:16+00:00" />
<meta property="og:image" content="http://sagramtbrace.es/wp-content/uploads/2017/12/sagramtbrace2018-275x250.png" />
	<meta property="og:image:width" content="275" />
	<meta property="og:image:height" content="250" />
	<meta property="og:image:type" content="image/png" />
<meta name="twitter:card" content="summary_large_image" />
<meta name="twitter:label1" content="Tiempo de lectura" />
	<meta name="twitter:data1" content="2 minutos" />
<script type="application/ld+json" class="yoast-schema-graph">{"@context":"https://schema.org","@graph":[{"@type":"WebPage","@id":"http://sagramtbrace.es/?page_id=149","url":"http://sagramtbrace.es/?page_id=149","name":"Edición 2026 - SAGRAMTBRACE","isPartOf":{"@id":"http://sagramtbrace.es/#website"},"primaryImageOfPage":{"@id":"http://sagramtbrace.es/?page_id=149#primaryimage"},"image":{"@id":"http://sagramtbrace.es/?page_id=149#primaryimage"},"thumbnailUrl":"http://sagramtbrace.es/wp-content/uploads/2017/12/sagramtbrace2018-275x250.png","datePublished":"2017-12-18T16:49:32+00:00","dateModified":"2026-02-07T12:30:16+00:00","breadcrumb":{"@id":"http://sagramtbrace.es/?page_id=149#breadcrumb"},"inLanguage":"es","potentialAction":[{"@type":"ReadAction","target":["http://sagramtbrace.es/?page_id=149"]}]},{"@type":"ImageObject","inLanguage":"es","@id":"http://sagramtbrace.es/?page_id=149#primaryimage","url":"http://sagramtbrace.es/wp-content/uploads/2017/12/sagramtbrace2018-275x250.png","contentUrl":"http://sagramtbrace.es/wp-content/uploads/2017/12/sagramtbrace2018-275x250.png","width":275,"height":250},{"@type":"BreadcrumbList","@id":"http://sagramtbrace.es/?page_id=149#breadcrumb","itemListElement":[{"@type":"ListItem","position":1,"name":"Portada","item":"http://sagramtbrace.es/"},{"@type":"ListItem","position":2,"name":"Edición 2026"}]},{"@type":"WebSite","@id":"http://sagramtbrace.es/#website","url":"http://sagramtbrace.es/","name":"SAGRAMTBRACE","description":"Sagra MTB Race","publisher":{"@id":"http://sagramtbrace.es/#organization"},"potentialAction":[{"@type":"SearchAction","target":{"@type":"EntryPoint","urlTemplate":"http://sagramtbrace.es/?s={search_term_string}"},"query-input":{"@type":"PropertyValueSpecification","valueRequired":true,"valueName":"search_term_string"}}],"inLanguage":"es"},{"@type":"Organization","@id":"http://sagramtbrace.es/#organization","name":"sagramtbrace","url":"http://sagramtbrace.es/","logo":{"@type":"ImageObject","inLanguage":"es","@id":"http://sagramtbrace.es/#/schema/logo/image/","url":"http://sagramtbrace.es/wp-content/uploads/2017/12/logoico512x512.png","contentUrl":"http://sagramtbrace.es/wp-content/uploads/2017/12/logoico512x512.png","width":512,"height":512,"caption":"sagramtbrace"},"image":{"@id":"http://sagramtbrace.es/#/schema/logo/image/"},"sameAs":["https://www.facebook.com/CC-Puebla-de-Don-Fadrique-464879460378435/"]}]}</script>
<!-- / Yoast SEO plugin. -->

Edición 2026 - SAGRAMTBRACE

VIII Edición SAGRA MTB Race El domingo 17 de mayo de 2026 se celebra la octava edición de la marcha SAGRA MTB Race en Puebla de Don Fadrique, organizada por el Club Ciclista Puebla de Don Fadrique y el Excmo. Ayuntamiento de esta localidad, con salida y llegada en Avd. Santas Mártires de Puebla de Don [&hellip;]
